2, 109
Let i(c) = -2*c + 16. Let g be i(-11). Suppose x + 3*x = l + 56, 2*x - g = -2*l. List the prime factors of x.
3, 5
Let y(w) = -13*w - 2. What are the prime factors of y(-2)?
2, 3
Let i(c) = -23*c + 32. Let p(s) be the first derivative of 4*s**2 - 11*s + 3. Let d(m) = 6*i(m) + 17*p(m). List the prime factors of d(-5).
3, 5
Suppose k - 4*r - 73 = 0, -5*k + 323 = -r + 2*r. Suppose k = 4*t + h, t - 3*t + 43 = -3*h. What are the prime factors of t?
17
Let x be (2/4)/((-1)/(-6)). Let b = x + -2. List the prime factors of (2/2)/(b/7).
7
Let f(o) = o**2 + 24*o - 18. List the prime factors of f(-28).
2, 47
Let u = 3 + 0. What are the prime factors of 0 + (-3 + u - -13)?
13
Let z(j) = j**3 - 9*j**2 - 9*j - 14. Let m be z(10). Let r be 1*(1 + m + 21). Let u = r - 13. What are the prime factors of u?
5
Suppose 18*d - 4644 = -0*d. What are the prime factors of d?
2, 3, 43
List the prime factors of 9/9 + 34 + 1.
2, 3
Let c be (6 - 3) + 2*-19. Let z = 50 + c. List the prime factors of z.
3, 5
Suppose -2*c = -w - 17, c + 5*w - 2*w = -2. Suppose s - 2 - c = 0. What are the prime factors of s?
3
Let p(m) = -m**3 + 7*m**2 - 3*m - 4. Let v be p(5). Let s be (-3)/((-6)/16) + 1. Suppose s = -3*a, 2*f + a - v = 4*a. List the prime factors of f.
11
Let h(n) be the third derivative of -n**6/120 - n**5/60 - 2*n**2. Let l be h(-1). List the prime factors of 14/(-6)*(-3 + l).
7
Let r be 8/(-12)*(-7 + 1). Suppose a - 5*t - 23 = 0, r*a + t + t = 4. List the prime factors of a.
3
Suppose 122 + 90 = 4*k. Suppose -2*q + 5*i = -k, 42 = q - 4*i + 11. Suppose -w + j = 5*j - 3, -5*j - q = -2*w. List the prime factors of w.
7
What are the prime factors of (-2219)/(-7) + (-3)/((-3)/2)?
11, 29
Suppose p - x - 12 = 0, -p - x - 3*x - 3 = 0. Suppose -3*y = p - 33. List the prime factors of y.
2
Let k = -104 + 162. List the prime factors of k.
2, 29
Let d(m) = m**2 + 4*m - 1. List the prime factors of d(-7).
2, 5
Let s = -11 - -15. Suppose 0 = -4*o + 2*h + 68, -s*h = 5*o - 7*h - 87. What are the prime factors of o?
3, 5
Let z be 1 - 5/((-15)/12). Suppose 0 = l - 2*n - 5 - 7, -4*n = z*l - 4. Suppose -4*u = -5*u - o + 8, -59 = -l*u + 5*o. List the prime factors of u.
11
Let f = -41 - -118. List the prime factors of f.
7, 11
Let n(t) = -t**2 - 9*t**3 - 39*t**3 + 2 - 1. Let x be n(-1). Suppose -4*a + x = 4*c, -a + 3*c + c = -12. What are the prime factors of a?
2, 3
Suppose -3*i + 2*l = -6, 5*l = -i + 4*i - 6. Let m be i/(1/((-21)/(-6))). Let b(t) = t**3 - 6*t**2 - 7*t + 10. What are the prime factors of b(m)?
2, 5
Let z be 53 + 3/((-9)/(-6)). Suppose 4*x - z = 33. What are the prime factors of 158/x - 6/33?
7
Let z(t) = t**3 + 4*t**2 + 5*t + 4. Let n be z(-3). List the prime factors of (-8)/(n/(-3)*-1).
2, 3
Let m(s) = 15*s**2 + s - 6. List the prime factors of m(3).
2, 3, 11
Suppose 4*t - 763 = -4*f - t, 4*t + 362 = 2*f. What are the prime factors of f?
11, 17
Let k(r) = 5*r**2 + 4*r - 12. What are the prime factors of k(-6)?
2, 3
Let q be 85/20 + (-2)/8. Suppose -2*s - 8 = -q*s. Suppose -4*b - 12 = -2*n - 32, -3*b + s*n + 10 = 0. List the prime factors of b.
2, 3
Suppose u - 6*u = -4*y + 169, 2*y + 2*u = 98. What are the prime factors of y?
2, 23
Suppose 22 = 8*q - 58. List the prime factors of q.
2, 5
Let b(h) = -h + 7. Let v be b(5). Let t be 1 - (-2 - (1 - 0)). Suppose 0 = -v*w + 18 + t. What are the prime factors of w?
11
Suppose 3*i - 8*i = 5*b - 140, 4*i = b + 122. What are the prime factors of i?
2, 3, 5
Let u be 0*(3 - 15/6). Let v(q) be the third derivative of q**5/60 + q**4/24 + q**3/2 - q**2. What are the prime factors of v(u)?
3
Let l(h) = h + 9. Let m be l(5). List the prime factors of ((-13)/(-2))/(m/84).
3, 13
Let l = -44 - -73. Let t = -20 + l. What are the prime factors of t?
3
List the prime factors of 4 + (-6)/(-2) + 2.
3
Let a = -15 - -30. What are the prime factors of a?
3, 5
Let o(n) = -n**2 - 5*n - 5. Let h be o(-4). Let a = 2 - h. List the prime factors of a.
3
Let h be 26/(-3) - 2/(-3). Let a be 43/(-2) + 4/h. Let j = 34 + a. What are the prime factors of j?
2, 3
Let f(z) be the second derivative of z**5/20 + z**4 + 5*z**3/3 - 13*z**2/2 + z. Let o be f(-11). List the prime factors of (-9)/6*o*1.
3
Suppose 82 + 22 = 4*t. List the prime factors of t.
2, 13
Suppose -3*t + 13 = 2*v, 14 - 6 = 4*t - 2*v. Let b be -3 + t + -1 + 1. Suppose -4*z + 3*y + 26 = b, 5*y = -14 + 4. List the prime factors of z.
5
Let r(b) = -4*b - 30. List the prime factors of r(-12).
2, 3
Let c = -49 - -109. What are the prime factors of c?
2, 3, 5
Suppose 2*f - 3 = 3, 0 = 4*a + 2*f - 458. List the prime factors of a.
113
Let h be ((-2)/(-1))/((-2)/(-5)). Let j = h + 19. What are the prime factors of j?
2, 3
List the prime factors of (-93)/(-13) + 8/(-52).
7
List the prime factors of 4*2/20*205.
2, 41
Suppose 1 = -u - 2, -5*u - 163 = -4*o. What are the prime factors of o?
37
Let g(t) be the third derivative of -t**4/6 - 2*t**3/3 - 2*t**2. List the prime factors of g(-13).
2, 3
What are the prime factors of 3 - (-2 - -2) - -69?
2, 3
Let u(v) = v**3 - 13*v**2 + v - 12. Let a be u(13). Suppose 5 + a = -3*o, 0 = -l - o + 21. List the prime factors of l.
23
Let p(q) be the second derivative of q**3/3 - 3*q. Let d be p(2). Let o = 11 - d. List the prime factors of o.
7
Let w = 6 + -3. Suppose -3*o + 39 = w. What are the prime factors of o?
2, 3
Let b(j) = 2*j**2 + 6*j + 4. Let w be -7 - (-5 - 1 - -3). List the prime factors of b(w).
2, 3
Let t be (6/4)/((-12)/(-80)). Suppose -d - 34 = -n, n + 2*d = -3*d + t. What are the prime factors of n?
2, 3, 5
Let a be 10/(-4) - 1/(-2). What are the prime factors of (a/5)/(1/(-10))?
2
What are the prime factors of -1 + 33 - (1 - 0)?
31
Suppose 2*q + 2*v = -2, 0 = -q - 4*v - v - 13. List the prime factors of (-15 + 14)/(q/(-102)).
3, 17
Let d be 2/(-2) - (-5)/1. Suppose -d*x = x - 85. List the prime factors of x.
17
Let m(v) = v + 1. Let b(y) = -6*y - 11. Let a(t) = b(t) + 2*m(t). List the prime factors of a(-4).
7
Suppose 30*s - 285 = 25*s. What are the prime factors of s?
3, 19
Let m(r) = 3*r**2 - 4*r + 1. List the prime factors of m(4).
3, 11
Let n(j) = 4*j - 5*j + 3*j - 1. Let b be (-10 - -12) + 1 + 2. List the prime factors of n(b).
3
Suppose -f = 2*w + 2*f - 35, 4*w - f = 63. What are the prime factors of w?
2
Suppose -3*s + 4*g = 20, 5*g + 10 = 2*s + 35. Let z = 1 - -10. Let w = z - s. What are the prime factors of w?
11
Let w(x) = -x**3 - 7*x**2 - 7*x - 6. Let t be w(-6). Let l(p) = -p + 23. List the prime factors of l(t).
23
Suppose 0 = -x + 2*u + 14, 0*u + 32 = 3*x + 4*u. Suppose 4*l - 26 - x = -2*g, -g - 5*l = -31. What are the prime factors of g?
11
Let c(i) = i + 5. Let q be c(0). Suppose -2 = -2*p, -5*p + 9 - 59 = -q*f. List the prime factors of f.
11
Suppose 28 = -4*c - 5*w, -2*c + 2*w + 0*w + 4 = 0. What are the prime factors of 30 + c - (4 + -6)?
2, 3, 5
Let u = -4 - -20. Suppose -q + 3*q = u. Suppose 4*p - q = 4. List the prime factors of p.
3
Suppose 5*q + 4 + 66 = 0. Let h = -4 + q. Let s = 30 + h. What are the prime factors of s?
2, 3
Let j(u) = u - 1. Let z be j(5). Let r be (-13 - -3)/(2/(-6)). Suppose -z*m + r = -m. List the prime factors of m.
2, 5
Suppose 0*k - 5*l = k - 35, 2*l = 8. List the prime factors of k.
3, 5
Let q = 11 - 4. Let m(u) = -5*u + 5*u**2 - 9 + 0*u - u**3 + 3*u**2. What are the prime factors of m(q)?
5
Let g = 10 - -19. What are the prime factors of g?
29
Suppose -31 + 20 = -h. List the prime factors of h.
11
Suppose 0*u - 20 = -5*u, -u = 5*g - 2009. What are the prime factors of g?
401
Let s be 42/9*(-3)/(-2). What are the prime factors of 2 - 1 - (2 - s)?
2, 3
Let s be (1 - 21/6)*-2. Let c = 5 - s. Suppose -v - v + 4 = c. What are the prime factors of v?
2
Suppose -80 = -10*z - 0*z. List the prime factors of z.
2
Let j(b) = 4*b**2. Let o be j(1). Suppose 0 = s - 7 + o. What are the prime factors of s?
3
List the prime factors of 10*32 + (-5 - -11) + -2.
2, 3
Let i(p) = 2*p**2 - p - 2. Let z = -7 + 14. Suppose 2*f - 4*b = z*f + 2, 0 = 5*f + 2*b + 6. What are the prime factors of i(f)?
2
Suppose -4*v + 1097 + 315 = 0. List the prime factors of v.
353
Let l(f) be the third derivative of f**6/120 - f**5/10 - f**4/4 - f**3/2 - f**2. Let n be l(7). Let g = 9 + n. List the prime factors of g.
13
Suppose -3*t = 4